{"id":3502,"date":"2016-08-29T12:30:00","date_gmt":"2016-08-29T11:30:00","guid":{"rendered":"http:\/\/burotech.eu\/?page_id=3502"},"modified":"2016-09-15T09:02:02","modified_gmt":"2016-09-15T08:02:02","slug":"nous-rejoindre","status":"publish","type":"page","link":"https:\/\/burotech.eu\/index.php\/nous-rejoindre\/","title":{"rendered":"Nous rejoindre"},"content":{"rendered":"<div id=\"pl-3502\"  class=\"panel-layout\" ><div id=\"pg-3502-0\"  class=\"panel-grid panel-no-style\" ><div id=\"pgc-3502-0-0\"  class=\"panel-grid-cell panel-grid-cell-mobile-last\" ><div id=\"panel-3502-0-0-0\" class=\"so-panel widget widget_sow-editor panel-first-child panel-last-child\" data-index=\"0\" ><div\n\t\t\t\n\t\t\tclass=\"so-widget-sow-editor so-widget-sow-editor-base\"\n\t\t\t\n\t\t>\n<div class=\"siteorigin-widget-tinymce textwidget\">\n\t<p>Notre strat\u00e9gie repose sur\u00a0 l\u2019\u00e9coute et le d\u00e9veloppement des comp\u00e9tences de nos collaborateurs.<\/p>\n<p>\u00a0<\/p>\n<p>Travailler au sein du Groupe Burotech, c\u2019est\u00a0:<\/p>\n<p>\u00a0<\/p>\n<ul>\n<li style=\"padding-left: 60px;\">D\u00e9velopper vos talents par une formation continue\u00a0;<\/li>\n<li style=\"padding-left: 60px;\">Dynamiser votre carri\u00e8re\u00a0;<\/li>\n<li style=\"padding-left: 60px;\">Travailler dans un environnement de travail stimulant\u00a0;<\/li>\n<li style=\"padding-left: 60px;\">Aborder des projets passionnants dans des domaines \u00e0 haute technicit\u00e9\u00a0;<\/li>\n<li style=\"padding-left: 60px;\">Etre encadr\u00e9 d\u2019une \u00e9quipe de professionnels &amp; une hi\u00e9rarchie de proximit\u00e9.<\/li>\n<\/ul>\n<p>\u00a0<\/p>\n<h3>Postulez d\u00e8s \u00e0 pr\u00e9sent !<\/h3>\n<p>\u00a0\u00a0<br \/> \n<div class=\"wpcf7 no-js\" id=\"wpcf7-f3544-o1\" lang=\"fr-FR\" dir=\"ltr\" data-wpcf7-id=\"3544\">\n<div class=\"screen-reader-response\"><p role=\"status\" aria-live=\"polite\" aria-atomic=\"true\"><\/p> <ul><\/ul><\/div>\n<form action=\"\/index.php\/wp-json\/wp\/v2\/pages\/3502#wpcf7-f3544-o1\" method=\"post\" class=\"wpcf7-form init\" aria-label=\"Formulaire de contact\" enctype=\"multipart\/form-data\" novalidate=\"novalidate\" data-status=\"init\">\n<fieldset class=\"hidden-fields-container\"><input type=\"hidden\" name=\"_wpcf7\" value=\"3544\" \/><input type=\"hidden\" name=\"_wpcf7_version\" value=\"6.1.1\" \/><input type=\"hidden\" name=\"_wpcf7_locale\" value=\"fr_FR\" \/><input type=\"hidden\" name=\"_wpcf7_unit_tag\" value=\"wpcf7-f3544-o1\" \/><input type=\"hidden\" name=\"_wpcf7_container_post\" value=\"0\" \/><input type=\"hidden\" name=\"_wpcf7_posted_data_hash\" value=\"\" \/>\n<\/fieldset>\n<p>Votre email\n<\/p>\n<p><span class=\"wpcf7-form-control-wrap\" data-name=\"your-email\"><input size=\"40\" maxlength=\"400\" class=\"wpcf7-form-control wpcf7-email wpcf7-validates-as-required wpcf7-text wpcf7-validates-as-email\" aria-required=\"true\" aria-invalid=\"false\" value=\"\" type=\"email\" name=\"your-email\" \/><\/span>\n<\/p>\n<p><span class=\"wpcf7-form-control-wrap\" data-name=\"file-276\"><input size=\"40\" class=\"wpcf7-form-control wpcf7-file wpcf7-validates-as-required\" accept=\".pdf,.doc,.docx\" aria-required=\"true\" aria-invalid=\"false\" type=\"file\" name=\"file-276\" \/><\/span>\n<\/p>\n<p>&nbsp;&nbsp;\n<\/p>\n<p>Votre message\n<\/p>\n<p><span class=\"wpcf7-form-control-wrap\" data-name=\"your-message\"><textarea cols=\"40\" rows=\"10\" maxlength=\"600\" class=\"wpcf7-form-control wpcf7-textarea\" aria-invalid=\"false\" name=\"your-message\"><\/textarea><\/span>\n<\/p>\n<p><input class=\"wpcf7-form-control wpcf7-submit has-spinner\" type=\"submit\" value=\"Envoyer\" \/>\n<\/p><div class=\"wpcf7-response-output\" aria-hidden=\"true\"><\/div>\n<\/form>\n<\/div>\n[vc_empty_space height=\"40px\"]<\/p>\n<\/div>\n<\/div><\/div><\/div><div id=\"pgc-3502-0-1\"  class=\"panel-grid-cell panel-grid-cell-empty\" ><\/div><\/div><\/div>","protected":false},"excerpt":{"rendered":"<p>Notre strat\u00e9gie repose sur\u00a0 l\u2019\u00e9coute et le d\u00e9veloppement des comp\u00e9tences de nos collaborateurs.\u00a0Travailler au sein du Groupe Burotech, c\u2019est\u00a0:\u00a0D\u00e9velopper vos talents par une formation continue\u00a0;Dynamiser votre carri\u00e8re\u00a0;Travailler dans un environnement de travail stimulant\u00a0;Aborder des projets passionnants dans des domaines \u00e0 haute technicit\u00e9\u00a0;Etre encadr\u00e9 d\u2019une \u00e9quipe&#8230;<\/p>\n","protected":false},"author":1,"featured_media":0,"parent":0,"menu_order":0,"comment_status":"closed","ping_status":"closed","template":"","meta":{"footnotes":""},"class_list":["post-3502","page","type-page","status-publish","hentry"],"_links":{"self":[{"href":"https:\/\/burotech.eu\/index.php\/wp-json\/wp\/v2\/pages\/3502","targetHints":{"allow":["GET"]}}],"collection":[{"href":"https:\/\/burotech.eu\/index.php\/wp-json\/wp\/v2\/pages"}],"about":[{"href":"https:\/\/burotech.eu\/index.php\/wp-json\/wp\/v2\/types\/page"}],"author":[{"embeddable":true,"href":"https:\/\/burotech.eu\/index.php\/wp-json\/wp\/v2\/users\/1"}],"replies":[{"embeddable":true,"href":"https:\/\/burotech.eu\/index.php\/wp-json\/wp\/v2\/comments?post=3502"}],"version-history":[{"count":1,"href":"https:\/\/burotech.eu\/index.php\/wp-json\/wp\/v2\/pages\/3502\/revisions"}],"predecessor-version":[{"id":3547,"href":"https:\/\/burotech.eu\/index.php\/wp-json\/wp\/v2\/pages\/3502\/revisions\/3547"}],"wp:attachment":[{"href":"https:\/\/burotech.eu\/index.php\/wp-json\/wp\/v2\/media?parent=3502"}],"curies":[{"name":"wp","href":"https:\/\/api.w.org\/{rel}","templated":true}]}}